{"id":3456,"date":"2021-10-11T15:33:05","date_gmt":"2021-10-11T15:33:05","guid":{"rendered":"http:\/\/66.228.131.60\/?page_id=3456"},"modified":"2021-10-22T21:14:18","modified_gmt":"2021-10-22T21:14:18","slug":"aviso-de-privacidad","status":"publish","type":"page","link":"https:\/\/solmoviles.com.mx\/index.php\/aviso-de-privacidad\/","title":{"rendered":"Aviso de Privacidad"},"content":{"rendered":"<p>[vc_section][vc_row][vc_column]<div class=\"mgt-header-block clearfix text-left text-black wpb_content_element  mgt-header-block-style-1 mgt-header-texttransform-header \"><h2 class=\"mgt-header-block-title\">Aviso de Privacidad Integral<\/h2><div class=\"mgt-header-line\"><\/div><\/div>[vc_column_text]<\/p>\n<p>En cumplimiento a lo dispuesto en la Ley Federal de Protecci\u00f3n de Datos Personales en Posesi\u00f3n de los Particulares, su Reglamento, as\u00ed como los Lineamientos del Aviso de Privacidad publicado en el Diario Oficial de la Federaci\u00f3n (en su conjunto, la &#8220;Ley&#8221;), Soluciones M\u00f3viles y Comunicaciones SA de CV (&#8220;Soluciones M\u00f3viles\u201d) con domicilio en Av. Central 2904-1, Col Vicente Guerrero, Chihuahua, Chihuahua, M\u00e9xico; como Responsable respecto del tratamiento (la obtenci\u00f3n, divulgaci\u00f3n, almacenamiento, uso, transferencia o disposici\u00f3n, en adelante, el \u201cTratamiento\u201d) de los Datos Personales que Usted nos proporcione, le informa los t\u00e9rminos aplicables al presente Aviso de Privacidad:<\/p>\n<p><strong>\u00bfQu\u00e9 informaci\u00f3n recopilamos?<\/strong><\/p>\n<p>Los Datos Personales que usted libre y voluntariamente proporcione de manera personal y de forma directa, t\u00e1cita o expresamente, a SOLUCIONES MOVILES por cualquier medio, as\u00ed como los datos que de manera indirecta obtenga SOLUCIONES MOVILES, mediante transferencias por conducto de terceros autorizados, a trav\u00e9s de fuentes de acceso p\u00fablico y en general, que se obtengan con motivo de la relaci\u00f3n jur\u00eddica que usted tenga o en su caso, celebre con SOLUCIONES MOVILES, son:<\/p>\n<ul>\n<li><strong>(i)<\/strong>\u00a0Datos personales de identificaci\u00f3n.<\/li>\n<li><strong>(ii)<\/strong>\u00a0Datos de contacto.<\/li>\n<li><strong>(iii)<\/strong>\u00a0Datos comerciales.<\/li>\n<li><strong>(iv)<\/strong>\u00a0Imagen.<\/li>\n<li><strong>(v)<\/strong>\u00a0Cualquier otro dato diverso provisto por usted (en lo sucesivo \u201cDatos Personales\u201d).<\/li>\n<\/ul>\n<p>Asimismo, SOLUCIONES MOVILES<sup>\u00ae<\/sup>\u00a0podr\u00e1 obtener sus Datos Personales a trav\u00e9s de medios electr\u00f3nicos, \u00f3pticos, digitales, incluyendo su Website, de manera autom\u00e1tica y simult\u00e1nea al tiempo que usted hace contacto con nosotros.<\/p>\n<p><strong>\u00bfPara qu\u00e9 utilizamos su informaci\u00f3n?<\/strong><\/p>\n<p>Los Datos Personales que recabamos sobre usted los destinamos para los siguientes prop\u00f3sitos:<\/p>\n<ul>\n<li><strong>(i)<\/strong>\u00a0Identificar y confirmar su identidad.<\/li>\n<li><strong>(ii)<\/strong>\u00a0Contacto.<\/li>\n<li><strong>(iii)<\/strong>\u00a0Administrar y operar los servicios y productos que SOLUCIONES MOVILES presta y vende.<\/li>\n<li><strong>(iv)<\/strong>\u00a0Cumplir con las obligaciones derivadas de los actos jur\u00eddicos que celebra con usted.<\/li>\n<li><strong>(v)<\/strong>\u00a0Uso de su imagen para promover e informar por medios impresos, digitales e inclusive por redes sociales, sobre las actividades de promoci\u00f3n de nuestros servicios, productos y eventos, as\u00ed como de responsabilidad social corporativa que SOLUCIONES MOVILES emprende.<\/li>\n<li><strong>(vi)<\/strong>\u00a0para fines estad\u00edsticos y prospecci\u00f3n.<\/li>\n<li><strong>(vii)<\/strong>\u00a0Para fines mercadot\u00e9cnicos, publicitarios o de prospecci\u00f3n comercial.<\/li>\n<\/ul>\n<p>Adicionalmente, podremos utilizar sus Datos Personales para enviarle nuestro bolet\u00edn electr\u00f3nico de noticias y actualizaci\u00f3n de temas diversos; para realizar la oferta y promoci\u00f3n de nuestros servicios, productos y eventos; para realizar encuestas, estad\u00edsticas, estudios de mercado; para evaluar la calidad de nuestros servicios y productos; para llevar a cabo evaluaciones comparativas o \u201cbenchmarking\u201d de sus actividades, productos y servicios de negocio y en general, para realizar cualquier actividad tendiente a promover, mejorar y evaluar nuestros servicios y productos. A\u00fan y cuando estas finalidades distintas o secundarias no son necesarias para la prestaci\u00f3n de nuestros servicios y venta de nuestros productos, las mismas nos permiten brindarle a usted un mejor servicio y atenci\u00f3n. Si usted no desea que sus Datos Personales sean tratados para las finalidades distintas o secundarias antes se\u00f1aladas, le solicitamos nos env\u00ede un correo electr\u00f3nico a la direcci\u00f3n\u00a0administracion@solmoviles.com.mx\u00a0, lo cual nos permitir\u00e1 registrarlo en nuestro listado de exclusi\u00f3n para fines de publicidad y mercadotecnia. En caso de que usted no manifieste su negativa, entendemos que autoriza el uso de su informaci\u00f3n personal para dichas finalidades distintas o secundarias.<\/p>\n<p><strong>\u00bfCon qui\u00e9n compartimos su informaci\u00f3n?<\/strong><\/p>\n<p>SOLUCIONES MOVILES le hace de su conocimiento que podr\u00e1 efectuar la transferencia nacional o internacional de sus Datos Personales de acuerdo con lo se\u00f1alado en el art\u00edculo 37 de la Ley Federal de Protecci\u00f3n de Datos Personales en Posesi\u00f3n de los Particulares. Asimismo, SOLUCIONES MOVILES podr\u00e1 revelar o permitir el acceso a los Datos Personales que usted nos proporcione, para cumplir con la legislaci\u00f3n aplicable o por requerimiento de la autoridad competente. Por otra parte, en caso de transferencia nacional o internacional de los Datos Personales en los t\u00e9rminos previstos en este Aviso de Privacidad, SOLUCIONES MOVILES se compromete a enterar a la entidad a la cual se le transfirieron los Datos Personales del contenido del presente Aviso de Privacidad para que en su caso pueda aceptar las obligaciones insertas en el mismo.<\/p>\n<p><strong>\u00bfQu\u00e9 medidas de seguridad y control utilizamos para la protecci\u00f3n de sus Datos Personales?<\/strong><\/p>\n<p>Para llevar a cabo el tratamiento de sus Datos Personales, SOLUCIONES MOVILES tiene implementadas medidas de seguridad de \u00edndole tecnol\u00f3gico, f\u00edsico o administrativo que permiten la disponibilidad, integridad, confidencialidad y uso autorizado de sus Datos Personales, mismas que son igualmente exigidas a nuestros proveedores. En el momento que usted proporciona sus Datos Personales, estos son incorporados a una base de datos propiedad de SOLUCIONES MOVILES, en donde sus datos se almacenan y son protegidos para evitar su p\u00e9rdida, uso indebido o alteraci\u00f3n.<\/p>\n<p><strong>\u00bfCu\u00e1l es el \u00e1rea responsable de manejo y administraci\u00f3n de los Datos Personales?<\/strong><\/p>\n<p>El \u00e1rea responsable del manejo y la administraci\u00f3n de sus Datos Personales es la Oficina de Privacidad y Confidencialidad a quien puede contactar mediante el correo electr\u00f3nico\u00a0<a href=\"mailto:administracion@solmoviles.com.mx\"><strong>administracion@solmoviles.com.mx<\/strong><\/a>\u00a0o directamente en el domicilio de SOLUCIONES MOVILES seg\u00fan lo se\u00f1alado en este Aviso. Usted podr\u00e1 pedir informaci\u00f3n sobre sus Datos Personales, y SOLUCIONES MOVILES le entregar\u00e1 en los medios que considere convenientes los mismos.<\/p>\n<p><strong>\u00bfC\u00f3mo puede usted revocar el consentimiento otorgado y ejercer sus derechos ARCO?<\/strong><\/p>\n<p>Usted puede revocar el consentimiento que ha otorgado a SOLUCIONES MOVILES para el tratamiento de sus Datos Personales contactando al correo electr\u00f3nico de la Oficina de Privacidad y Confidencialidad, indicando su nombre completo, datos de contacto y especificando la revocaci\u00f3n que solicita. Usted puede ejercitar los derechos de acceso, rectificaci\u00f3n, cancelaci\u00f3n y oposici\u00f3n al tratamiento de sus Datos Personales (en adelante, derechos \u201cARCO\u201d), por s\u00ed o mediante representante legal debidamente acreditado, enviando una solicitud al correo electr\u00f3nico de la Oficina de Privacidad y Confidencialidad que deber\u00e1 contener por lo menos:<\/p>\n<ul>\n<li><strong>(a)<\/strong>\u00a0Nombre y domicilio u otro medio para comunicar la respuesta a su solicitud.<\/li>\n<li><strong>(b)<\/strong>\u00a0Documentos que acrediten su identidad o, en su caso, la representaci\u00f3n legal.<\/li>\n<li><strong>(c)<\/strong>\u00a0Descripci\u00f3n clara y precisa de los Datos Personales respecto de los que se solicita ejercer alguno de los derechos ARCO.<\/li>\n<li><strong>(d)<\/strong>\u00a0La manifestaci\u00f3n expresa del derecho ARCO que desee ejercer.<\/li>\n<li><strong>(e)<\/strong>\u00a0Cualquier otro elemento que facilite la localizaci\u00f3n de los Datos Personales.<\/li>\n<\/ul>\n<p><strong>Modificaciones al Aviso de Privacidad<\/strong><\/p>\n<p>Nos reservamos el derecho de cambiar o actualizar este Aviso de Privacidad en cualquier momento. En caso de que exista alg\u00fan cambio en este Aviso de Privacidad, se le comunicar\u00e1 a trav\u00e9s de nuestro Portal o a trav\u00e9s de otros medios. Usted manifiesta que los Datos Personales que proporcione a SOLUCIONES MOVILES, han sido obtenidos de manera libre, informada, voluntaria e inequ\u00edvoca y que usted consiente a que SOLUCIONES MOVILES lleve a cabo el tratamiento de los mismos en t\u00e9rminos de la Ley y de este Aviso.<\/p>\n<p>[\/vc_column_text][\/vc_column][\/vc_row][\/vc_section]<\/p>\n","protected":false},"excerpt":{"rendered":"<p>[vc_section][vc_row][vc_column][vc_column_text] En cumplimiento a lo dispuesto en la Ley Federal de Protecci\u00f3n de Datos Personales en Posesi\u00f3n de los Particulares, su Reglamento, as\u00ed como los Lineamientos del Aviso de Privacidad&#8230;<\/p>\n","protected":false},"author":1,"featured_media":0,"parent":0,"menu_order":0,"comment_status":"closed","ping_status":"closed","template":"","meta":[],"_links":{"self":[{"href":"https:\/\/solmoviles.com.mx\/index.php\/wp-json\/wp\/v2\/pages\/3456"}],"collection":[{"href":"https:\/\/solmoviles.com.mx\/index.php\/wp-json\/wp\/v2\/pages"}],"about":[{"href":"https:\/\/solmoviles.com.mx\/index.php\/wp-json\/wp\/v2\/types\/page"}],"author":[{"embeddable":true,"href":"https:\/\/solmoviles.com.mx\/index.php\/wp-json\/wp\/v2\/users\/1"}],"replies":[{"embeddable":true,"href":"https:\/\/solmoviles.com.mx\/index.php\/wp-json\/wp\/v2\/comments?post=3456"}],"version-history":[{"count":4,"href":"https:\/\/solmoviles.com.mx\/index.php\/wp-json\/wp\/v2\/pages\/3456\/revisions"}],"predecessor-version":[{"id":3460,"href":"https:\/\/solmoviles.com.mx\/index.php\/wp-json\/wp\/v2\/pages\/3456\/revisions\/3460"}],"wp:attachment":[{"href":"https:\/\/solmoviles.com.mx\/index.php\/wp-json\/wp\/v2\/media?parent=3456"}],"curies":[{"name":"wp","href":"https:\/\/api.w.org\/{rel}","templated":true}]}}